1?
True
Does 4 divide 1156?
True
Is 73 a factor of 490?
False
Is 47655 a multiple of 135?
True
Is 1741 a multiple of 9?
False
Is 232 a multiple of 58?
True
Is 363 a multiple of 11?
True
Is 664 a multiple of 8?
True
Is 24108 a multiple of 84?
True
Is 119 a factor of 26293?
False
Does 333 divide 90909?
True
Does 93 divide 3391?
False
Does 23 divide 1510?
False
Is 30 a multiple of 15?
True
Is 50388 a multiple of 52?
True
Does 59 divide 295?
True
Is 430 a multiple of 43?
True
Does 313 divide 44133?
True
Does 110 divide 118580?
True
Does 15 divide 2225?
False
Does 63 divide 1512?
True
Does 18 divide 266?
False
Is 57 a factor of 513?
True
Does 74 divide 13332?
False
Does 11 divide 1677?
False
Is 271 a multiple of 31?
False
Is 2 a factor of 2208?
True
Is 7300 a multiple of 20?
True
Is 9306 a multiple of 11?
True
Is 7 a factor of 4124?
False
Does 9 divide 339?
False
Does 27 divide 975?
False
Does 11 divide 16848?
False
Is 400 a multiple of 10?
True
Is 10 a factor of 1100?
True
Does 14 divide 22288?
True
Does 79 divide 908?
False
Is 71497 a multiple of 47?
False
Is 21400 a multiple of 25?
True
Is 432 a multiple of 72?
True
Is 1485 a multiple of 55?
True
Is 8 a factor of 546?
False
Is 1046 a multiple of 49?
False
Is 1404 a multiple of 13?
True
Is 7266 a multiple of 14?
True
Is 2760 a multiple of 60?
True
Is 1659 a multiple of 79?
True
Is 51 a factor of 2286?
False
Does 72 divide 6316?
False
Is 869 a multiple of 22?
False
Is 765 a multiple of 9?
True
Does 10 divide 570?
True
Is 10665 a multiple of 15?
True
Is 111 a factor of 29637?
True
Does 5 divide 1269?
False
Is 31 a factor of 27203?
False
Is 23 a factor of 368?
True
Does 9 divide 107?
False
Is 12334 a multiple of 14?
True
Is 38 even?
True
Is 183 a factor of 10837?
False
Is 21 a factor of 23120?
False
Is 3129 a multiple of 21?
True
Is 8 a factor of 944?
True
Is 5287 a multiple of 159?
False
Is 3215 a multiple of 4?
False
Does 22 divide 8360?
True
Is 313 a multiple of 10?
False
Does 40 divide 8240?
True
Is 3808 a multiple of 20?
False
Is 32 a factor of 1301?
False
Is 44 a factor of 4928?
True
Is 4458 a multiple of 33?
False
Does 68 divide 5794?
False
Is 2295 a multiple of 15?
True
Does 8 divide 5512?
True
Is 94453 a multiple of 18?
False
Is 8 a factor of 1280?
True
Does 9 divide 2682?
True
Is 167 a factor of 10057?
False
Is 28507 a multiple of 83?
False
Is 168 a multiple of 36?
False
Is 4 a factor of 264?
True
Is 18 a factor of 6028?
False
Is 218 a factor of 9142?
False
Is 12269 a multiple of 3?
False
Is 384 a multiple of 6?
True
Is 25688 a multiple of 75?
False
Is 1484 a multiple of 24?
False
Is 7 a factor of 241?
False
Is 2209 a multiple of 9?
False
Is 253 a factor of 22770?
True
Does 184 divide 15711?
False
Is 138 a factor of 99084?
True
Is 12 a factor of 2052?
True
Is 1884 a multiple of 15?
False
Does 100 divide 6728?
False
Is 2 a factor of 175?
False
Does 4 divide 88?
True
Is 3946 a multiple of 35?
False
Is 12 a factor of 240?
True
Is 13870 a multiple of 80?
False
Is 85 a multiple of 2?
False
Is 30 a factor of 2678?
False
Is 72 a factor of 2880?
True
Is 49 a factor of 245?
True
Is 10 a factor of 1020?
True
Does 10 divide 108700?
True
Does 23 divide 96876?
True
Is 80 a factor of 7743?
False
Does 26 divide 410?
False
Does 48 divide 2821?
False
Is 11 a factor of 1533?
False
Is 105 even?
False
Is 5 a factor of 43?
False
Does 7 divide 2525?
False
Does 7 divide 14392?
True
Is 30 a factor of 100?
False
Is 10 a factor of 1130?
True
Is 96 a multiple of 4?
True
Does 4 divide 20072?
True
Does 5 divide 35?
True
Is 65024 a multiple of 16?
True
Is 23 a factor of 1695?
False
Does 51 divide 15402?
True
Is 7210 a multiple of 14?
True
Does 149 divide 24978?
False
Is 28 a factor of 1335?
False
Is 8 a factor of 7008?
True
Does 19 divide 13524?
False
Does 31 divide 31?
True
Is 257 a factor of 119543?
False
Is 4 a factor of 4716?
True
Is 50473 a multiple of 166?
False
Is 71 a factor of 1298?
False
Does 46 divide 5152?
True
Is 2430 a multiple of 18?
True
Does 8 divide 5282?
False
Is 6 a factor of 45836?
False
Is 10 a factor of 2340?
True
Is 102884 a multiple of 34?
True
Is 27 a factor of 459?
True
Is 21 a factor of 164?
False
Is 41 a factor of 1651?
False
Is 3107 a multiple of 20?
False
Is 16 a factor of 832?
True
Is 82 a factor of 1886?
True
Is 456 a multiple of 27?
False
Is 247 a multiple of 20?
False
Is 36 a factor of 7366?
False
Is 4 a factor of 805?
False
Is 1435 a multiple of 46?
False
Is 772 a multiple of 2?
True
Does 6 divide 156?
True
Is 19 a factor of 4068?
False
Does 9 divide 63?
True
Is 17 a factor of 5414?
False
Does 24 divide 6312?
True
Does 4 divide 4629?
False
Is 11 a factor of 2002?
True
Does 8 divide 237?
False
Is 38 a factor of 3686?
True
Is 26 a factor of 719?
False
Does 2 divide 67?
False
Does 37 divide 1731?
False
Is 46578 a multiple of 7?
True
Is 112 a factor of 27888?
True
Is 3713 a multiple of 12?
False
Is 6655 a multiple of 44?
False
Is 315 a multiple of 21?
True
Is 16 a factor of 337?
False
Does 9 divide 8442?
True
Is 7746 a multiple of 11?
False
Is 2570 a multiple of 5?
True
Does 17 divide 657?
False
Does 6 divide 1770?
True
Does 33 divide 891?
True
Is 5 a factor of 850?
True
Does 48 divide 624?
True
Is 6 a factor of 1178?
False
Is 7241 a multiple of 47?
False
Is 53 a factor of 612?
False
Does 78 divide 3635?
False
Is 15580 a multiple of 82?
True
Is 13692 a multiple of 4?
True
Is 3 a factor of 475?
False
Is 10 a factor of 250?
True
Does 18 divide 6900?
False
Does 12 divide 2040?
True
Is 2 a factor of 25?
False
Is 24 a factor of 3869?
False
Is 3 a factor of 16?
False
Does 15 divide 855?
True
Is 73 a factor of 1095?
True
Is 13 a factor of 350?
False
Is 4128 a multiple of 43?
True
Is 127 a factor of 23315?
False
Is 3855 a multiple of 93?
False
Is 3 a factor of 501?
True
Does 42 divide 2226?
True
Is 8064 a multiple of 72?
True
Is 172 a multiple of 13?
False
Is 5006 a multiple of 23?
False
Does 48 divide 3984?
True
Is 74 a factor of 1017?
False
Does 16 divide 352?
True
Does 51 divide 2630?
False
Does 19 divide 129713?
True
Does 254 divide 116586?
True
Is 4 a factor of 23368?
True
Is 154 a factor of 91014?
True
Is 21 a factor of 42966?
True
Is 198 a multiple of 14?
False
Does 116 divide 3726?
False
Is 2596 a multiple of 82?
False
Is 6 a factor of 3922?
False
Does 125 divide 73211?
False
Is 9345 a multiple of 21?
True
Is 26 a factor of 195338?
True
Does 44 divide 21428?
True
Is 32600 a multiple of 163?
True
Is 18194 a multiple of 6?
False
Is 32 a factor of 64?
True
Is 120 a multiple of 20?
True
Is 5924 a multiple of 15?
False
Is 28 a factor of 8204?
True
Is 19 a factor of 1379?
False
Does 31 divide 18733?
False
Does 85 divide 1020?
True
Is 46 a multiple of 8?
False
Is 87 a factor of 45414?
True
Is 41939 a multiple of 47?
False
Is 16896 a multiple of 16?
True
Is 88 a factor of 4488?
True
Does 19 divide 5643?
True
Does 10 divide 32460?
True
Does 10 divide 110?
True
Is 10908 a multiple of 8?
False
Does 46 divide 14950?
True
Is 20766 a multiple of 49?
False
Is 130 a factor of 87129?
False
Does 125 divide 1228?
False
Is 2022 a multiple of 4?
False
Is 1865 a multiple of 24?
False
Does 24 divide 13574?
False
Is 3239 a multiple of 55?
False
Does 50 divide 2310?
False
Does 11 divide 163?
False
Is 5 a factor of 366?
False
Is 6319 a multiple of 3?
False
Does 32 divide 6880?
True
Is 4 a factor of 1136?
True
Is 16008 a multiple of 69?
True
Is 2535 a multiple of 14?
False
Is 22 a factor of 2220?
False
Is 1933 a multiple of 50?
False
Is 2664 a multiple of 49?
False
Does 141 divide 5720?
False
Is 8435 a multiple of 5?
True
Is 12656 a multiple of 124?
False
Is 15496 a multiple of 55?
False
Is 14 a factor of 51356?
False
Does 8 divide 5944?
True
Does 10 divide 500?
True
Does 12 divide 4392?
True
Is 288 even?
True
Is 23 a factor of 4462?
True
Is 31 a factor of 204?
False
Is 4139 a multiple of 11?
False
Is 48 a factor of 8064?
True
Is 85 a factor of 380?
False
Does 21 divide 3398?
False
Is 43 a factor of 87677?
True
Does 37 divide 5254?
True
Is 16 a factor of 506?
False
Is 11063 a multiple of 23?
True
Is 2624 a multiple of 32?
True
Is 51 a factor of 49327?
False
Is 1032 a multiple of 12?
True
Is 7 a factor of 592?
False
Is 33 a factor of 1056?
True
Is 11 a factor of 2732?
False
Is 147 a multiple of 21?
True
Does 7